{"id":34,"date":"2017-07-25T06:25:11","date_gmt":"2017-07-25T06:25:11","guid":{"rendered":"http:\/\/veljeksetronkainen.fi\/?page_id=34"},"modified":"2017-07-25T09:32:53","modified_gmt":"2017-07-25T09:32:53","slug":"yhteystiedot","status":"publish","type":"page","link":"https:\/\/www.veljeksetronkainen.fi\/?page_id=34","title":{"rendered":"Yhteystiedot"},"content":{"rendered":"<p><strong>Veljekset Ronkainen Oy<\/strong><\/p>\n<p>Kajaanintie 843<br \/>\n74300 SONKAJ\u00c4RVI<\/p>\n<p>S\u00e4hk\u00f6postiosoite: reijo.ronkainen@veljeksetronkainen.fi<br \/>\nPuhelin: 0400-576144<\/p>\n<p>Y-tunnus: 0304233-7<br \/>\n&nbsp;<br \/>\n&nbsp;<br \/>\n&nbsp;<br \/>\n&nbsp;<br \/>\n&nbsp;<br \/>\n&nbsp;<br \/>\n&nbsp;<br \/>\n&nbsp;<br \/>\n&nbsp;<br \/>\n&nbsp;<br \/>\n&nbsp;<br \/>\n&nbsp;<br \/>\n&nbsp;<br \/>\n&nbsp;<br \/>\n&nbsp;<br \/>\n&nbsp;<br \/>\n&nbsp;<br \/>\n&nbsp;<br \/>\n&nbsp;<br \/>\n&nbsp;<\/p>\n","protected":false},"excerpt":{"rendered":"<p>Veljekset Ronkainen Oy Kajaanintie 843 74300 SONKAJ\u00c4RVI S\u00e4hk\u00f6postiosoite: reijo.ronkainen@veljeksetronkainen.fi Puhelin: 0400-576144 Y-tunnus: 0304233-7 &nbsp; &nbsp; &nbsp; &nbsp; &nbsp; &nbsp; &nbsp; &nbsp; &nbsp; &nbsp; &nbsp; &nbsp; &nbsp; &nbsp; &nbsp; &nbsp; &nbsp; &nbsp; &nbsp; &nbsp;<\/p>\n","protected":false},"author":1,"featured_media":0,"parent":0,"menu_order":0,"comment_status":"closed","ping_status":"closed","template":"","meta":{"footnotes":""},"class_list":["post-34","page","type-page","status-publish","hentry"],"_links":{"self":[{"href":"https:\/\/www.veljeksetronkainen.fi\/index.php?rest_route=\/wp\/v2\/pages\/34","targetHints":{"allow":["GET"]}}],"collection":[{"href":"https:\/\/www.veljeksetronkainen.fi\/index.php?rest_route=\/wp\/v2\/pages"}],"about":[{"href":"https:\/\/www.veljeksetronkainen.fi\/index.php?rest_route=\/wp\/v2\/types\/page"}],"author":[{"embeddable":true,"href":"https:\/\/www.veljeksetronkainen.fi\/index.php?rest_route=\/wp\/v2\/users\/1"}],"replies":[{"embeddable":true,"href":"https:\/\/www.veljeksetronkainen.fi\/index.php?rest_route=%2Fwp%2Fv2%2Fcomments&post=34"}],"version-history":[{"count":7,"href":"https:\/\/www.veljeksetronkainen.fi\/index.php?rest_route=\/wp\/v2\/pages\/34\/revisions"}],"predecessor-version":[{"id":122,"href":"https:\/\/www.veljeksetronkainen.fi\/index.php?rest_route=\/wp\/v2\/pages\/34\/revisions\/122"}],"wp:attachment":[{"href":"https:\/\/www.veljeksetronkainen.fi\/index.php?rest_route=%2Fwp%2Fv2%2Fmedia&parent=34"}],"curies":[{"name":"wp","href":"https:\/\/api.w.org\/{rel}","templated":true}]}}